 by 11?
10
Let b = -15 - -38. Let t(r) = 12*r**2 - 3*r + 3. Calculate the remainder when t(2) is divided by b.
22
Let m(z) = 26*z + 5. Let n be m(4). Let g = -47 + n. What is the remainder when g is divided by 16?
14
Suppose -h = b - 26, -4*b + 3*h + 54 + 50 = 0. What is the remainder when b is divided by 14?
12
Suppose 3*p - 12 = 3. Suppose 0 = -4*c + 7 + p. Suppose -25 = -c*t - 4. Calculate the remainder when 19 is divided by t.
5
Suppose -2*h - 3*n = -3, 0 = 5*n + 4 + 1. Suppose p - 18 = -5*b, 9*p - 6 = h*b + 4*p. Let k = 1 - -1. Calculate the remainder when b is divided by k.
1
Calculate the remainder when (-30)/6 + 49*3 is divided by 36.
34
Let f = -13 + 14. What is the remainder when f is divided by 1?
0
Let i(l) = l + 25. Let k = 2 - -1. What is the remainder when i(-15) is divided by k/1 - (1 - 1)?
1
Suppose -4*z + 25 = -39. What is the remainder when 62 is divided by z?
14
Let c = 44 - 26. Calculate the remainder when (-1)/(-4)*0 + 52 is divided by c.
16
Suppose -87 = -5*g + a, -g + 4*a + 25 = -0*g. What is the remainder when g is divided by 7?
3
Suppose 3*p = 2*n + 190, -250 = -4*p + 5*n - 3*n. Suppose -r + 60 = 2*b - 6*r, 2*r = 2*b - p. Calculate the remainder when b is divided by 11.
8
Calculate the remainder when 12 is divided by 2/3*75/10.
2
Let z = 73 + -34. What is the remainder when z is divided by (-8)/10*35/(-2)?
11
Let v = -47 - -105. Calculate the remainder when v is divided by 4.
2
Let t(n) = n**2 - n. Let y(w) = 3*w**2 + w - 3. Let k(f) = 4*t(f) + y(f). What is the remainder when k(-2) is divided by 16?
15
Suppose -s + 5 + 37 = 0. Suppose 2*c = -c + s. What is the remainder when 41 is divided by c?
13
Let o(s) = s**3 + s**2 + 3*s + 34. What is the remainder when o(0) is divided by 9?
7
Let h be ((-1)/(-2))/((-1)/(-18)). What is the remainder when 22 is divided by h/6*16/2?
10
Suppose -j = -6*j. Suppose j*f = -f + 12. Suppose 0 - 35 = -z. Calculate the remainder when z is divided by f.
11
Let d = -2 + 5. Let c = -3 - 0. Let r = c - -4. Calculate the remainder when d is divided by r.
0
Let n be (-482)/(-6) + 10/15. Let g = 244 - n. Let z = g + -86. What is the remainder when z is divided by 26?
25
Suppose 348 = 4*i - 188. Let m = i - 85. Calculate the remainder when m is divided by 17.
15
Suppose -13*m + 9*m = -92. Let n(d) = 3*d**3 - 2*d**2 + 2*d - 1. Let b be n(1). Calculate the remainder when m is divided by b/6 + 70/6.
11
Let g(a) = 2*a**2 - 2 + a**2 + 3*a**3 + a - 6*a**2. What is the remainder when g(3) is divided by 19?
17
Suppose 21 = 2*o - 29. Let s(g) = -g**3 + 4*g - 1. Let p be s(-3). Let m = 21 - p. What is the remainder when o is divided by m?
4
Suppose -4*l + 5 = -3. Let p = l - -7. Calculate the remainder when p is divided by (-10)/(3/(3/(-2))).
4
Let c(m) = -m + 6. Let z be c(4). Let p = 1 + z. Suppose t = 3 + 2. What is the remainder when t is divided by p?
2
Suppose 0*n + 4*f - 17 = -n, -3*f = -5*n + 154. Calculate the remainder when n is divided by 10 - (-1 - -1)*1.
9
Let c(h) = -h**3 - h**2 - h + 32. Calculate the remainder when 62 is divided by c(0).
30
Suppose -17 = -i - 2. Calculate the remainder when i is divided by 8.
7
Let j be (-16)/6*(-18)/(-8). Let z(t) = t**3 - t**2 + t + 8. What is the remainder when (-1)/(-3) - 88/j is divided by z(0)?
7
Let s(k) = k**2 - 5*k + 7. Let t(i) = -i**3 + i**2 - i + 17. What is the remainder when s(8) is divided by t(0)?
14
Suppose 0*c + c = -i + 5, -4*c = 16. Suppose 37 = 5*d + 12. Calculate the remainder when i is divided by d.
4
Let w = 114 - 81. Calculate the remainder when w is divided by 310/18 + (-4)/18.
16
Let z = -60 + 62. Calculate the remainder when z is divided by (3/9)/(2/12).
0
Let p(y) = y**2 - 7*y - 12. Let b be p(9). Suppose 4*x - 14 = -2*l + b, 3*x = 9. Suppose -l*z - 48 = -6*z. Calculate the remainder when z is divided by 13.
11
Let x = 3 - 1. Suppose -x*v = -8 - 2. Calculate the remainder when (1 - v - -2) + 30 is divided by 15.
13
Let r = 46 + -22. What is the remainder when 90 is divided by r?
18
Suppose 0 = -2*t + 4*t + 6. Let c(j) = j**2 + j + 2. Calculate the remainder when 29 is divided by c(t).
5
Suppose 4*u = 3*y + 48, 4*u - 8 - 32 = y. Let d(n) = -n**2 + 18*n - 10. What is the remainder when d(15) is divided by u/(0 + (-2)/(-4))?
17
Let g be -1*((-24)/(-3) - 1). Let d be -1*(g + 0) + 2. Suppose 5*y - d = 6*i - 3*i, 4*i - 4*y + 4 = 0. What is the remainder when i is divided by 1?
0
Let s(h) = 2*h**2 + 26. Calculate the remainder when s(6) is divided by 25.
23
Let o(d) = -d - 2. Let u be o(0). Let p be (-1 - u)/(2/(-14)). Let m(b) = -b. Calculate the remainder when 12 is divided by m(p).
5
Suppose 0 = -4*u - 4*k + 32, -2*k + 0*k + 8 = u. What is the remainder when 31 is divided by u?
7
Let v = -115 - -180. Let j = v + -45. Calculate the remainder when j is divided by (-10 + -1)/(-1) - 0.
9
Suppose 2*t = -3*t - 5*r + 175, 4*t = 4*r + 156. What is the remainder when t is divided by 10?
7
Let w(d) be the second derivative of -d**5/20 + 5*d**4/12 + 2*d**3/3 - 3*d**2 - 6*d. Calculate the remainder when w(4) is divided by (-29)/(-4) + (-1)/4.
5
Suppose -3*k + 43 = -14. What is the remainder when 35 is divided by k?
16
Suppose 2*j + 3*j = 15. Suppose k = 4*k - j, 2*y = -4*k + 12. What is the remainder when 5 is divided by y?
1
What is the remainder when 13 is divided by (-3)/9 - 196/(-21)?
4
Suppose 5*d - 5*a = 0, -4*d + a = -2*d + 4. Let y(o) = o**3 - 5*o**2 + 3*o - 6. Calculate the remainder when 1311/38 - (-2)/d is divided by y(5).
7
Let g(r) = -r**3 - 3*r**2 - r. Let m(k) = -23*k - 128. What is the remainder when m(-9) is divided by g(-4)?
19
Let o(u) = u**3 + 7*u**2 - 3*u - 9. Let z be o(-6). Suppose 2*p + 7 = z. What is the remainder when p is divided by 11?
8
Suppose 2*v = -14 + 42. Calculate the remainder when (-23)/(-7) + (-4)/v is divided by 1.
0
Suppose 4*q - q + 2*y = -69, 0 = q - 4*y + 9. Let m = -16 - q. Calculate the remainder when m is divided by 3.
2
Let p = 5 - 3. Let u be ((-15)/6 - 0)*p. Let f = u + 10. What is the remainder when 12 is divided by f?
2
Let g(q) = q**2 - 3*q - 1. Let f be g(4). What is the remainder when 39/f - (1 + 0) is divided by 7?
5
Let g be 6/(-18) + (-50)/(-6). Suppose -g - 6 = -h. Let i = -6 - -14. What is the remainder when h is divided by i?
6
Suppose 4*s + 5*r = 83, 6*s - r - 31 = 4*s. Calculate the remainder when 101 is divided by s.
16
What is the remainder when 16 is divided by 11 - (2 + -3 - -2)?
6
Let r be (-60)/8*2/(-1). Suppose r = c - 14. What is the remainder when c is divided by 25/(-2)*(-48)/40?
14
Let f(h) = h**2 + 4*h + 0*h - 3 + 2*h. Let a be f(-5). What is the remainder when 2 is divided by a/(-36) - 14/(-18)?
0
Let g(u) = 2*u**2 - 2*u - 4*u + 2*u**2 + 6 - 5*u**2. Calculate the remainder when g(-6) is divided by 4.
2
Let o = -12 - -20. Suppose 3*l - t - 418 = 0, -3*t + 362 = 2*l + 76. Suppose 0 = 6*q + 8 - l. What is the remainder when q is divided by o?
6
Let p(o) be the first derivative of -o**4/4 - 13*o**3/3 + 9*o**2/2 - 16*o - 2. What is the remainder when p(-14) is divided by 14?
12
Let d(s) = s + 15. Let x be d(-12). Suppose x*c - 14 = 2*c. Calculate the remainder when 53 is divided by c.
11
Suppose t + 6 + 4 = 3*n, 0 = 2*t - n. Calculate the remainder when 16 is divided by t.
0
Let a(c) = c + 11. Let w = -2 + -5. Suppose -21 = -5*g - 2*y, -g + 0*g + 2*y = 3. What is the remainder when a(w) is divided by g?
1
What is the remainder when 198 is divided by (20/5 - 3) + 39?
38
Let c = -54 - -113. Calculate the remainder when 293 is divided by c.
57
Suppose -81 = -a + 2*t, 5*a - a - 276 = -4*t. Suppose -a = -3*u - p - 19, -2*p = 2*u - 40. What is the remainder when u is divided by 6?
5
Suppose -3 = -4*a + 5*v, -3*a + a = 3*v - 7. Suppose -29 = -a*n + n. What is the remainder when n is divided by 15?
14
Suppose -9*l = -10*l + 34. Calculate the remainder when l is divided by 9.
7
Let y = -8 + 13. Let v be (-3)/(-1)*(-24)/18. Let n = v - -18. Calculate the remainder when n is divided by y.
4
Calculate the remainder when (-1054)/(-68) - (-3)/2*1 is divided by 11.
6
Suppose -3 + 0 = 3*f, 4*g = f + 33. Let i = g + -5. Suppose 4*v - 65 = 3*a, i*a - 22 = -7. What is the remainder when v is divided by 11?
9
Suppose 0*r - r + 12 = 0. Suppose -47 = -5*j - r. Suppose 2*n - 7 = 1. What is the